Dec 02 07:19:40.379 INFO testing GuilhermoReadonly/copy-rules against master#8940af3cea4a9a9deabcaf843b2f8cad9a83fc61 for beta-1.31-5
Dec 02 07:19:40.379 INFO running `"docker" "create" "-v" "/mnt/big/crater/work/local/target-dirs/beta-1.31-5/worker-5/master#8940af3cea4a9a9deabcaf843b2f8cad9a83fc61:/target:rw,Z" "-v" "/mnt/big/crater/work/local/test-source/worker-5/beta-1.31-5/master#8940af3cea4a9a9deabcaf843b2f8cad9a83fc61:/source:ro,Z" "-v" "/mnt/big/crater/work/local/cargo-home:/cargo-home:ro,Z" "-v" "/mnt/big/crater/work/local/rustup-home:/rustup-home:ro,Z" "-e" "USER_ID=1000" "-e" "SOURCE_DIR=/source" "-e" "USER_ID=1000" "-e" "CMD=cargo +8940af3cea4a9a9deabcaf843b2f8cad9a83fc61-alt build --frozen" "-e" "CARGO_TARGET_DIR=/target" "-e" "CARGO_INCREMENTAL=0" "-e" "RUST_BACKTRACE=full" "-e" "RUSTFLAGS=--cap-lints=warn" "-e" "CARGO_HOME=/cargo-home" "-e" "RUSTUP_HOME=/rustup-home" "-m" "1536M" "--network" "none" "crater"`
Dec 02 07:19:40.907 INFO [stdout] e572aa9e6ed4a477db4ebeb1b5321a8028944adb38fc108305fd4e476869b281
Dec 02 07:19:40.909 INFO running `"docker" "start" "-a" "e572aa9e6ed4a477db4ebeb1b5321a8028944adb38fc108305fd4e476869b281"`
Dec 02 07:19:42.391 INFO [stderr] usermod: no changes
Dec 02 07:19:42.895 INFO [stderr]    Compiling log v0.4.6
Dec 02 07:19:42.895 INFO [stderr]    Compiling serde_yaml v0.8.7
Dec 02 07:19:42.895 INFO [stderr]    Compiling mime_guess v2.0.0-alpha.6
Dec 02 07:19:44.919 INFO [stderr]    Compiling mio v0.6.16
Dec 02 07:19:44.919 INFO [stderr]    Compiling tokio-io v0.1.8
Dec 02 07:19:44.919 INFO [stderr]    Compiling tokio-threadpool v0.1.6
Dec 02 07:19:44.919 INFO [stderr]    Compiling want v0.0.6
Dec 02 07:19:51.157 INFO [stderr]    Compiling mio-uds v0.6.7
Dec 02 07:19:51.231 INFO [stderr]    Compiling log4rs v0.8.1
Dec 02 07:19:52.691 INFO [stderr]    Compiling tokio-codec v0.1.0
Dec 02 07:19:52.691 INFO [stderr]    Compiling tokio-reactor v0.1.5
Dec 02 07:19:52.691 INFO [stderr]    Compiling h2 v0.1.12
Dec 02 07:19:55.780 INFO [stderr]    Compiling tokio-fs v0.1.3
Dec 02 07:20:03.060 INFO [stderr]    Compiling tokio-uds v0.2.1
Dec 02 07:20:03.115 INFO [stderr]    Compiling tokio-udp v0.1.2
Dec 02 07:20:03.123 INFO [stderr]    Compiling tokio-tcp v0.1.1
Dec 02 07:20:14.075 INFO [stderr]    Compiling tokio v0.1.8
Dec 02 07:20:20.729 INFO [stderr]    Compiling hyper v0.12.10
Dec 02 07:20:30.851 INFO [stderr]    Compiling hyper-tls v0.3.1
Dec 02 07:20:34.603 INFO [stderr]    Compiling reqwest v0.9.2
Dec 02 07:20:51.382 INFO [stderr]    Compiling copy_rules v0.1.0 (/source)
Dec 02 07:21:05.324 INFO [stderr]     Finished dev [unoptimized + debuginfo] target(s) in 1m 22s
Dec 02 07:21:05.345 INFO [stderr] su: No module specific data is present
Dec 02 07:21:06.693 INFO running `"docker" "inspect" "e572aa9e6ed4a477db4ebeb1b5321a8028944adb38fc108305fd4e476869b281"`
Dec 02 07:21:07.115 INFO running `"docker" "rm" "-f" "e572aa9e6ed4a477db4ebeb1b5321a8028944adb38fc108305fd4e476869b281"`
Dec 02 07:21:07.459 INFO [stdout] e572aa9e6ed4a477db4ebeb1b5321a8028944adb38fc108305fd4e476869b281
Dec 02 07:21:07.467 INFO running `"docker" "create" "-v" "/mnt/big/crater/work/local/target-dirs/beta-1.31-5/worker-5/master#8940af3cea4a9a9deabcaf843b2f8cad9a83fc61:/target:rw,Z" "-v" "/mnt/big/crater/work/local/test-source/worker-5/beta-1.31-5/master#8940af3cea4a9a9deabcaf843b2f8cad9a83fc61:/source:ro,Z" "-v" "/mnt/big/crater/work/local/cargo-home:/cargo-home:ro,Z" "-v" "/mnt/big/crater/work/local/rustup-home:/rustup-home:ro,Z" "-e" "USER_ID=1000" "-e" "SOURCE_DIR=/source" "-e" "USER_ID=1000" "-e" "CMD=cargo +8940af3cea4a9a9deabcaf843b2f8cad9a83fc61-alt test --frozen --no-run" "-e" "CARGO_TARGET_DIR=/target" "-e" "CARGO_INCREMENTAL=0" "-e" "RUST_BACKTRACE=full" "-e" "RUSTFLAGS=--cap-lints=warn" "-e" "CARGO_HOME=/cargo-home" "-e" "RUSTUP_HOME=/rustup-home" "-m" "1536M" "--network" "none" "crater"`
Dec 02 07:21:07.923 INFO [stdout] 14eb03e9561f38e6a187d0942af47028cf4962734b3286f379c632a133f3a0b2
Dec 02 07:21:07.926 INFO running `"docker" "start" "-a" "14eb03e9561f38e6a187d0942af47028cf4962734b3286f379c632a133f3a0b2"`
Dec 02 07:21:10.219 INFO [stderr] usermod: no changes
Dec 02 07:21:10.599 INFO [stderr]    Compiling copy_rules v0.1.0 (/source)
Dec 02 07:21:24.176 INFO [stderr]     Finished dev [unoptimized + debuginfo] target(s) in 13.91s
Dec 02 07:21:24.201 INFO [stderr] su: No module specific data is present
Dec 02 07:21:25.768 INFO running `"docker" "inspect" "14eb03e9561f38e6a187d0942af47028cf4962734b3286f379c632a133f3a0b2"`
Dec 02 07:21:26.071 INFO running `"docker" "rm" "-f" "14eb03e9561f38e6a187d0942af47028cf4962734b3286f379c632a133f3a0b2"`
Dec 02 07:21:26.424 INFO [stdout] 14eb03e9561f38e6a187d0942af47028cf4962734b3286f379c632a133f3a0b2
Dec 02 07:21:26.431 INFO running `"docker" "create" "-v" "/mnt/big/crater/work/local/target-dirs/beta-1.31-5/worker-5/master#8940af3cea4a9a9deabcaf843b2f8cad9a83fc61:/target:rw,Z" "-v" "/mnt/big/crater/work/local/test-source/worker-5/beta-1.31-5/master#8940af3cea4a9a9deabcaf843b2f8cad9a83fc61:/source:ro,Z" "-v" "/mnt/big/crater/work/local/cargo-home:/cargo-home:ro,Z" "-v" "/mnt/big/crater/work/local/rustup-home:/rustup-home:ro,Z" "-e" "USER_ID=1000" "-e" "SOURCE_DIR=/source" "-e" "USER_ID=1000" "-e" "CMD=cargo +8940af3cea4a9a9deabcaf843b2f8cad9a83fc61-alt test --frozen" "-e" "CARGO_TARGET_DIR=/target" "-e" "CARGO_INCREMENTAL=0" "-e" "RUST_BACKTRACE=full" "-e" "RUSTFLAGS=--cap-lints=warn" "-e" "CARGO_HOME=/cargo-home" "-e" "RUSTUP_HOME=/rustup-home" "-m" "1536M" "--network" "none" "crater"`
Dec 02 07:21:26.962 INFO [stdout] 9420e97749e3ee406208fa14f49be5bfa06d4599cfd29e49d4627f4254b15c26
Dec 02 07:21:26.965 INFO running `"docker" "start" "-a" "9420e97749e3ee406208fa14f49be5bfa06d4599cfd29e49d4627f4254b15c26"`
Dec 02 07:21:29.286 INFO [stderr] usermod: no changes
Dec 02 07:21:29.595 INFO [stderr]     Finished dev [unoptimized + debuginfo] target(s) in 0.29s
Dec 02 07:21:29.607 INFO [stderr]      Running /target/debug/deps/copy_rules-6d6840dc91419759
Dec 02 07:21:29.617 INFO [stdout] 
Dec 02 07:21:29.617 INFO [stdout] running 2 tests
Dec 02 07:21:29.623 INFO [stdout] test fs::tests::copy_no_from_path ... ok
Dec 02 07:21:29.786 INFO [stdout] test tests::test_with_basic_config ... FAILED
Dec 02 07:21:29.786 INFO [stdout] 
Dec 02 07:21:29.786 INFO [stdout] failures:
Dec 02 07:21:29.786 INFO [stdout] 
Dec 02 07:21:29.786 INFO [stdout] ---- tests::test_with_basic_config stdout ----
Dec 02 07:21:29.786 INFO [stdout] thread 'tests::test_with_basic_config' panicked at '##### Err(
Dec 02 07:21:29.786 INFO [stdout]     Os {
Dec 02 07:21:29.786 INFO [stdout]         code: 30,
Dec 02 07:21:29.786 INFO [stdout]         kind: Other,
Dec 02 07:21:29.786 INFO [stdout]         message: "Read-only file system"
Dec 02 07:21:29.786 INFO [stdout]     }
Dec 02 07:21:29.786 INFO [stdout] )', src/main.rs:73:9
Dec 02 07:21:29.786 INFO [stdout] stack backtrace:
Dec 02 07:21:29.786 INFO [stdout]    0:     0x5571221828bf - std::sys::unix::backtrace::tracing::imp::unwind_backtrace::h3a8b83e1922cbdde
Dec 02 07:21:29.786 INFO [stdout]                                at libstd/sys/unix/backtrace/tracing/gcc_s.rs:49
Dec 02 07:21:29.786 INFO [stdout]    1:     0x55712218c457 - std::sys_common::backtrace::print::h00d3155a29b4020f
Dec 02 07:21:29.786 INFO [stdout]                                at libstd/sys_common/backtrace.rs:71
Dec 02 07:21:29.786 INFO [stdout]                                at libstd/sys_common/backtrace.rs:59
Dec 02 07:21:29.786 INFO [stdout]    2:     0x557122186d0f - std::panicking::default_hook::{{closure}}::hd7465c742e79e1bb
Dec 02 07:21:29.786 INFO [stdout]                                at libstd/panicking.rs:211
Dec 02 07:21:29.786 INFO [stdout]    3:     0x557122186a0e - std::panicking::default_hook::h9e3966f2aa2a6e12
Dec 02 07:21:29.786 INFO [stdout]                                at libstd/panicking.rs:221
Dec 02 07:21:29.786 INFO [stdout]    4:     0x5571221873ee - std::panicking::rust_panic_with_hook::h587f091ae747d080
Dec 02 07:21:29.786 INFO [stdout]                                at libstd/panicking.rs:476
Dec 02 07:21:29.786 INFO [stdout]    5:     0x557122186f91 - std::panicking::continue_panic_fmt::hb3a4fdede87f43a8
Dec 02 07:21:29.786 INFO [stdout]                                at libstd/panicking.rs:390
Dec 02 07:21:29.786 INFO [stdout]    6:     0x557122186ede - std::panicking::begin_panic_fmt::h387afc7da9a10555
Dec 02 07:21:29.786 INFO [stdout]                                at libstd/panicking.rs:345
Dec 02 07:21:29.786 INFO [stdout]    7:     0x557121a1c3fb - copy_rules::tests::test_with_basic_config::h9726c5f719ccde93
Dec 02 07:21:29.786 INFO [stdout]                                at src/main.rs:73
Dec 02 07:21:29.786 INFO [stdout]    8:     0x557121a1c2e9 - copy_rules::tests::test_with_basic_config::{{closure}}::h9be8de7bacd875a1
Dec 02 07:21:29.786 INFO [stdout]                                at src/main.rs:71
Dec 02 07:21:29.786 INFO [stdout]    9:     0x5571219f253d - core::ops::function::FnOnce::call_once::hca3020081e6680ae
Dec 02 07:21:29.786 INFO [stdout]                                at libcore/ops/function.rs:238
Dec 02 07:21:29.786 INFO [stdout]   10:     0x557121a1e11e - <F as alloc::boxed::FnBox<A>>::call_box::hac903f91577a156c
Dec 02 07:21:29.786 INFO [stdout]                                at libtest/lib.rs:1468
Dec 02 07:21:29.786 INFO [stdout]                                at libcore/ops/function.rs:238
Dec 02 07:21:29.786 INFO [stdout]                                at liballoc/boxed.rs:672
Dec 02 07:21:29.786 INFO [stdout]   11:     0x557122197409 - __rust_maybe_catch_panic
Dec 02 07:21:29.786 INFO [stdout]                                at libpanic_unwind/lib.rs:102
Dec 02 07:21:29.786 INFO [stdout]   12:     0x557121a3fd72 - std::sys_common::backtrace::__rust_begin_short_backtrace::hb8f0d0309526c184
Dec 02 07:21:29.787 INFO [stdout]                                at libstd/panicking.rs:289
Dec 02 07:21:29.787 INFO [stdout]                                at libstd/panic.rs:392
Dec 02 07:21:29.787 INFO [stdout]                                at libtest/lib.rs:1423
Dec 02 07:21:29.787 INFO [stdout]                                at libstd/sys_common/backtrace.rs:136
Dec 02 07:21:29.787 INFO [stdout]   13:     0x557121a40824 - std::panicking::try::do_call::hc2f7c8b9a348d8db
Dec 02 07:21:29.787 INFO [stdout]                                at libstd/thread/mod.rs:409
Dec 02 07:21:29.787 INFO [stdout]                                at libstd/panic.rs:313
Dec 02 07:21:29.787 INFO [stdout]                                at libstd/panicking.rs:310
Dec 02 07:21:29.787 INFO [stdout]   14:     0x557122197409 - __rust_maybe_catch_panic
Dec 02 07:21:29.787 INFO [stdout]                                at libpanic_unwind/lib.rs:102
Dec 02 07:21:29.787 INFO [stdout]   15:     0x557121a2da5c - <F as alloc::boxed::FnBox<A>>::call_box::h6bfded618e480b32
Dec 02 07:21:29.787 INFO [stdout]                                at libstd/panicking.rs:289
Dec 02 07:21:29.787 INFO [stdout]                                at libstd/panic.rs:392
Dec 02 07:21:29.787 INFO [stdout]                                at libstd/thread/mod.rs:408
Dec 02 07:21:29.787 INFO [stdout]                                at liballoc/boxed.rs:672
Dec 02 07:21:29.787 INFO [stdout]   16:     0x5571221849ed - std::sys_common::thread::start_thread::h4c28257d67cdf9cb
Dec 02 07:21:29.787 INFO [stdout]                                at liballoc/boxed.rs:682
Dec 02 07:21:29.787 INFO [stdout]                                at libstd/sys_common/thread.rs:24
Dec 02 07:21:29.787 INFO [stdout]   17:     0x557122175815 - std::sys::unix::thread::Thread::new::thread_start::hfecb2e7eff8fd34f
Dec 02 07:21:29.787 INFO [stdout]                                at libstd/sys/unix/thread.rs:90
Dec 02 07:21:29.787 INFO [stdout]   18:     0x7fd19febf6b9 - start_thread
Dec 02 07:21:29.787 INFO [stdout]   19:     0x7fd19f9df41c - clone
Dec 02 07:21:29.787 INFO [stdout]   20:                0x0 - <unknown>
Dec 02 07:21:29.787 INFO [stdout] 
Dec 02 07:21:29.787 INFO [stdout] 
Dec 02 07:21:29.787 INFO [stdout] failures:
Dec 02 07:21:29.787 INFO [stdout]     tests::test_with_basic_config
Dec 02 07:21:29.787 INFO [stdout] 
Dec 02 07:21:29.787 INFO [stdout] test result: FAILED. 1 passed; 1 failed; 0 ignored; 0 measured; 0 filtered out
Dec 02 07:21:29.787 INFO [stdout] 
Dec 02 07:21:29.793 INFO [stderr] error: test failed, to rerun pass '--bin copy_rules'
Dec 02 07:21:29.802 INFO [stderr] su: No module specific data is present
Dec 02 07:21:31.037 INFO running `"docker" "inspect" "9420e97749e3ee406208fa14f49be5bfa06d4599cfd29e49d4627f4254b15c26"`
Dec 02 07:21:31.347 INFO running `"docker" "rm" "-f" "9420e97749e3ee406208fa14f49be5bfa06d4599cfd29e49d4627f4254b15c26"`
Dec 02 07:21:31.662 INFO [stdout] 9420e97749e3ee406208fa14f49be5bfa06d4599cfd29e49d4627f4254b15c26
